8
In base 16, what is 8 - 28e23?
-28e1b
In base 12, what is 1 - 177b2?
-177b1
In base 4, what is 12220321 + -2?
12220313
In base 2, what is 110111 - -11111000?
100101111
In base 14, what is -b + -2016?
-2023
In base 3, what is -101122 - -212111?
110212
In base 5, what is -1123 - -104043?
102420
In base 11, what is -5 + 304a?
3045
In base 11, what is 5aa + -5?
5a5
In base 3, what is -210021222100 + -12?
-210021222112
In base 10, what is 891 - -36?
927
In base 4, what is -1221230302 - 0?
-1221230302
In base 11, what is -54 + 66?
12
In base 6, what is 102 + 1034440?
1034542
In base 9, what is -2632 - -15?
-2616
In base 16, what is -e010b + 5?
-e0106
In base 3, what is -22221 - 22?
-100020
In base 8, what is -243 + -717?
-1162
In base 10, what is 3 + 286285?
286288
In base 3, what is 12 - 122021212?
-122021200
In base 13, what is -a + 760a3?
76096
In base 14, what is -b - 26308?
-26315
In base 12, what is -127 + -115a?
-1285
In base 6, what is -153 - 5303?
-5500
In base 7, what is -3 + -435454?
-435460
In base 14, what is 46 + -13b0b?
-13aa5
In base 16, what is 1a0ce - -1?
1a0cf
In base 3, what is -220000222022 + 12?
-220000222010
In base 2, what is -101 - -1000010?
111101
In base 3, what is -212202100 + -12?
-212202112
In base 15, what is -103619 - -3?
-103616
In base 13, what is -b00b + 0?
-b00b
In base 6, what is -2 + -235410?
-235412
In base 16, what is -1a78 - 265?
-1cdd
In base 3, what is 11 + -122212120?
-122212102
In base 16, what is 27c8 + -e?
27ba
In base 11, what is 10 + -23a2?
-2392
In base 3, what is -10 - -1011211120010?
1011211120000
In base 8, what is 2 + -154625?
-154623
In base 4, what is 1 + -223233010?
-223233003
In base 9, what is -38005 - 114?
-38120
In base 8, what is 2610246 + 1?
2610247
In base 13, what is -4c72 - -95?
-4baa
In base 14, what is 15 + 10cb?
1102
In base 7, what is 145 - 316?
-141
In base 7, what is -12 - -26204?
26162
In base 16, what is 16 + 83?
99
In base 5, what is -2 + 1232243?
1232241
In base 5, what is 20000 + 104?
20104
In base 9, what is 257 + 1845?
2213
In base 7, what is 5 + 132405?
132413
In base 14, what is -2a + -1a6d3?
-1a71d
In base 4, what is 2030300 - 33?
2030201
In base 5, what is 0 - -33421031?
33421031
In base 3, what is 100121 - -1022022?
1122220
In base 10, what is -4 - 2461?
-2465
In base 10, what is -839 - 1669?
-2508
In base 13, what is 1cc - -469?
668
In base 16, what is -4 + -121?
-125
In base 14, what is -96b966 + -4?
-96b96a
In base 4, what is 110310303 + -2?
110310301
In base 15, what is 21d + 252?
470
In base 10, what is -2464911 - 4?
-2464915
In base 5, what is 1 + -1142014?
-1142013
In base 8, what is 4532 - -116?
4650
In base 11, what is -176 + -1409?
-1584
In base 4, what is 11 + -2330330121?
-2330330110
In base 3, what is -110 + -100020111?
-100020221
In base 10, what is -3 + -90132?
-90135
In base 5, what is 243230423 - 4?
243230414
In base 15, what is -7c736 + -3?
-7c739
In base 9, what is 478 - -740?
1328
In base 9, what is 16 - -3074?
3101
In base 6, what is -1 + -1542413?
-1542414
In base 5, what is 2 - 2011423?
-2011421
In base 12, what is 8 - 97802?
-977b6
In base 14, what is -7c2bb - 7?
-7c2c4
In base 9, what is -103170 + 1?
-103168
In base 14, what is -655bd - -3?
-655ba
In base 9, what is -881 + 127?
-753
In base 7, what is -423564 + 2?
-423562
In base 9, what is -184138 - -26?
-184112
In base 11, what is 171a714 + 3?
171a717
In base 9, what is 2732375 - -3?
2732378
In base 8, what is -5 - -1365413?
1365406
In base 13, what is 2 + -263ac2?
-263ac0
In base 12, what is 43a555 - -5?
43a55a
In base 15, what is d2d - -b?
d39
In base 12, what is 11 + 7999?
79aa
In base 13, what is 0 + c567a?
c567a
In base 2, what is 10 - 11011100110111000001?
-11011100110110111111
In base 5, what is -220 + 1010114?
1004344
In base 15, what is 6a165 + -8?
6a15c
In base 8, what is 106420 + -246?
106152
In base 6, what is -3 + -12204124?
-12204131
In base 15, what is 0 - -4a?
4a
In base 12, what is 2 - 3961?
-395b
In base 15, what is 0 - -12118?
12118
In base 2, what is 1010010011101111111 + -11?
1010010011101111100
In base 13, what is 118 + 2b?
146
In base 9, what is -3 - -16556?
16553
In base 10, what is 92 - -15?
107
In base 15, what is -e1a7 - 6?
-e1ad
In base 7, what is 4 - 33161?
-33154
In base 8, what is 152321 - 1?
152320
In base 12, what is -55484 + -6?
-5548a
In base 5, what is -30121133 - 0?
-30121133
In base 11, what is -2713203 + 4?
-27131aa
In base 15, what is -8 - -e7b?
e73
In base 14, what is 19 - 7889?
-7870
In base 16, what is -61 + 2a88?
2a27
In base 16, what is 13 - 1477?
-1464
In base 2, what is 10100101 - 1001011110101?
-1001001010000
In base 14, what is 3 + 1087a?
1087d
In base 15, what is -181 - -6c5?
544
In base 15, what is 35ee - 34?
35ba
In base 16, what is 18a1bf + 2?
18a1c1
In base 3, what is 0 + 22102110000?
22102110000
In base 16, what is 9d + 5d1?
66e
In base 9, what is -25 + 5460?
5434
In base 13, what is -2 + -4a400?
-4a402
In base 4, what is 1031232 - 2?
1031230
In base 10, what is 738 + -1343?
-605
In base 4, what is -11 + -1132023?
-1132100
In base 8, what is -1 - 257615?
-257616
In base 11, what is -38aa + 13?
-3897
In base 7, what is -4 - -1105403?
1105366
In base 7, what is -3 - -53324?
53321
In base 12, what is -10 - 1669?
-1679
In base 3, what is 102 - 12200200020?
-12200122211
In base 8, what is 1153 + -23?
1130
In base 11, what is -4 + -21967?
-21970
In base 13, what is -23 + 80a7?
8084
In base 10, what is 1190 - 5917?
-4727
In base 7, what is -5 - -1053066?
1053061
In base 3, what is -11011 + -100221120?
-101002201
In base 14, what is -2b61 + -bb?
-2c3c
In base 4, what is 232300003 + -2?
232300001
In base 6, what is 5 - 1123045?
-1123040
In base 6, what is 132 - 41144?
-41012
In base 15, what is d32 - 9?
d28
In base 8, what is -2 - 454?
-456
In base 11, what is -290 - -395?
105
In base 3, what is -1010212120 - 2?
-1010212122
In base 5, what is -1 - 1242222?
-1242223
In base 9, what is 361387 + -3?
361384
In base 15, what is 25 + 3dde?
3e14
In base 13, what is -61b + -11?
-62c
In base 16, what is -3 - -1f98b?
1f988
In base 6, what is -140533 + -10?
-140543
In base 11, what is -a6230 + -4?
-a6234
In base 3, what is -22122020 + -120222?
-100020012
In base 12, what is -3 - -594b71?
594b6a
In base 12, what is -148 + 2220?
2094
In base 15, what is 16 + -1c52?
-1c3b
In base 3, what is 220111 - 1200?
211211
In base 6, what is -12 + 22505?
22453
In base 11, what is 4 - -11703?
11707
In base 9, what is -4 - -43638?
43634
In base 4, what is 31 - -1122020?
1122111
In base 11, what is -21961 + -6?
-21967
In base 7, what is 4 + -40650?
-40643
In base 16, what is c7 + 128?
1ef
In base 2, what is -10 + 1100000111001110?
1100000111001100
In base 12, what is 14 + -3b723?
-3b70b
In base 6, what is -40541 + 1?
-40540
In base 12, what is -4 + 168707?
168703
In base 10, what is -155756 + -7?
-155763
In base 12, what is 1 + 140a5?
140a6
In base 16, what is f6 + 4650?
4746
In base 3, what is 1121211 + -11000212?
-2102001
In base 7, what is -1143 + 11164?
10021
In base 2, what is -110011100011001 + 10000?
-110011100001001
In base 15, what is -1a - bc9?
-be4
In base 11, what is -1 + 271465?
271464
In base 7, what is 614 + -50354?
-46440
In base 8, what is -3 - -6067?
6064
In base 9, what is 2 + -46132?
-46130
In base 11, what is -798 + -71?
-859
In base 3, what is 11 - -1010121212?
1010122000
In base 9, what is -4532542 + 5?
-4532536
In base 13, what is 11 + -1463?
-1452
In base 16, what is -2e - 83?
-b1
In base 11, what is 4 + 25032?
25036
In base 16, what is 27 + 349?
370
In base 2, what is -110 - -101010010?
101001100
In base 3, what is 1211 - 1012110?
-1010122
In base 3, what is 122111021 + 102?
122111200
In base 2, what is -100 + 10011110110001?
10011110101101
In base 10, what is -6 - -13913?
13907
In base 5, what is 31343400 + 1?
31343401
In base 15, what is -a5eb + 3?
-a5e8
In base 13, what is 439 - -456?
892
In base 5, what is -421341 - -114?
-421222
In base 14, what is -6 - -1b176?
1b170
In base 4, what is -1103030100 + -11?
-1103030111
In base 5, what is -3321 + -24220?
-33041
In base 15, what is -2 - 20be8e?
-20be91
In base 2, what is 11110011101100 - 11001?
11110011010011
In base 2, what is -111100001 - -100?
-111011101
In base 5, what is -4034 + 3434?
